 w = x + -19. Let v be 4/(0 + -4) + w. Determine i(v).
-7
Let x(o) = 3*o**2 - 20*o - 21. Let q(f) = 2*f**2 - 10*f - 11. Let c(h) = -5*q(h) + 3*x(h). What is c(-8)?
8
Let t(s) = -s**3 - 9*s**2 + 2*s - 1. Let a(q) = -30*q - 9. Let b be a(0). Determine t(b).
-19
Let f(p) = p**3 - p**2 + 10. Suppose 9*v = 7*v - 6. Let c be (v/3 - 3) + 4. Calculate f(c).
10
Let h(n) = n**3 + 2*n**2 - 1. Let f(j) = -6*j**3 - 9*j**2 + 2*j + 4. Let d(t) = f(t) + 5*h(t). Give d(3).
-13
Let h(t) = 5*t - 4. Let b(g) = -15*g + 11. Let o(k) = -3*b(k) - 8*h(k). What is o(1)?
4
Let i(s) = s**2 + s. Let x = -21 - -20. Let n(r) = -r**2 - r - 6. Let k(h) = x*n(h) - 2*i(h). Let m be (-8)/8 - (-1)/1. Calculate k(m).
6
Let p(v) = -21*v**2 - 31*v. Let t(a) = -42*a**2 - 61*a. Let x(c) = -5*p(c) + 3*t(c). Let o(q) = q**2 + q. Let i(r) = 28*o(r) + x(r). Calculate i(-1).
7
Let u(f) = 3*f + 4. Let c be (-2)/8 + (-51)/(-12). Suppose 0 = c*i - 3*p + 1 - 4, p = -3*i - 1. Suppose i*v = -r - v - 4, 4*r = -v - 13. Determine u(r).
-5
Let d(a) = -1 - 50*a**3 + 15*a - 45*a**3 + 139*a**3 - 14*a**2 - 45*a**3. Calculate d(-15).
-1
Let n(w) = -2*w**3 - 4*w**2 + 3*w - 10. Let x(t) = t**3 + 2*t**2 - t + 6. Let d(b) = -3*n(b) - 5*x(b). Determine d(-4).
-16
Let z(f) be the second derivative of f**5/20 - 3*f**4/4 + f**3/6 - 3*f + 97. Determine z(9).
9
Let z(v) = 5*v - 1. Let s = -174 + 175. What is z(s)?
4
Let m(t) = -8*t**3 + 6*t**2 - 4*t**2 + 2 - 26*t**3 + 33*t**3 - 3*t. What is m(2)?
-4
Let c(l) be the second derivative of -l**5/20 - l**4/6 + l**3/2 + 3*l**2/2 - 32*l. Calculate c(-3).
3
Let f(m) = 623*m - m**2 - 1 + 2 - 629*m. What is f(-5)?
6
Let w(z) = z**3 + 2*z**2 - 3*z + 2. Let d(c) = c**2 - 4*c - 4. Let s be d(5). Give w(s).
2
Suppose -q - g - 1 = 2, -5*g = 3*q + 7. Let k = 11 - q. Let o = 18 - k. Let v(s) = s**3 - 4*s**2 + 4*s - 1. Determine v(o).
2
Let c(l) be the second derivative of -l**6/360 - l**5/120 + 5*l**4/4 - 27*l. Let q(a) be the third derivative of c(a). Calculate q(5).
-11
Let k(g) = 7*g**2 + 74*g + 44. Let q be k(-10). Let f(u) = -u + 5. Calculate f(q).
1
Suppose -23 = -2*k + 11 - 46. Let y(z) be the third derivative of -z**4/24 - z**3/3 - 2*z**2. Give y(k).
4
Suppose 108 = -4*x + 4*u, x - 5*x - u - 108 = 0. Let r = x + 22. Let n be 0 + (-5)/(r/2). Let k(d) = -2*d**3 + 3*d**2 - d + 1. Determine k(n).
-5
Let t(b) = -b**2 + 7*b + 1. Let g(x) = -2. Let v(u) = 2*g(u) + t(u). Give v(5).
7
Let g(p) = -p - 7. Let b be 0 + 2 + -2 + (-51 - -45). Calculate g(b).
-1
Let m(b) be the second derivative of 7*b**3/6 + b**2 - 164*b. Give m(6).
44
Let s(b) = b**2 + 5*b - 31. Let k be s(-9). Let j(p) = 2*p - 1. Give j(k).
9
Let w(b) = b + 0 - 5 - 9 + 12*b**3 + 7 + 6 - b**2. Calculate w(1).
11
Let f(s) be the first derivative of -s**4 - s**3/3 - s**2 - 2*s + 367. Determine f(-1).
3
Let a(l) = 8*l**2 + l**3 + 1 + 7*l**2 + 14*l + 3. Let n be 3/((30/(-28))/5). Let k be a(n). Let i(b) = -b**3 + 5*b**2 - 7*b + 6. Give i(k).
-6
Let a(q) be the first derivative of 2*q**4 - q**2/2 + 1. Let s be (2/(-3))/(-21*(-36)/1134). Give a(s).
-7
Let n = 337 - 345. Let q(s) = s**3 + 7*s**2 - 10*s - 16. Give q(n).
0
Suppose 3*p - 4*p = -3*m - 11, -5*m = 5*p - 55. Let u(i) = 2*i**2 - 22*i - 5. Let c be u(p). Let t(d) = d**3 + 5*d**2 - 3*d + 2. What is t(c)?
17
Let v(b) = -6*b - 5. Let a = -2674 - -2672. Give v(a).
7
Let g(m) = m**2 + 1. Let j(u) = -5*u + 2. Let v(z) = -2*g(z) + j(z). What is v(-7)?
-63
Suppose 16 = -5*o + 2*j + 1, 0 = 5*o - 3*j + 10. Let i be 57/2 - 7/(-14). Let n(h) = -4 + 30*h - i*h + 15. What is n(o)?
6
Suppose 8 = -t - w, 7*w + 30 = -3*t + 2*w. Let s be (-11)/t - 3/15. Let c(q) = -s*q**3 - 4 + 2 - 2*q**3 + 6*q**2 + 3*q**3. Determine c(6).
-2
Let k(q) = -4*q**3 + 3*q**2. Let v(x) = x**3 - 12*x**2 + 4. Let d be v(12). Let b be 0 + (-1 + 17)/d. Suppose -t = -5*r + 3, -r = 2*t - b*r - 1. Give k(t).
-20
Let j(p) = -p**3 - 5*p**2 + 5*p - 4. Let g(s) = -6*s**2. Let q be (0 - (-2 - -2)) + 2. Let b be q/3*(-12)/8. Let a be g(b). What is j(a)?
2
Let a = -27 + 30. Suppose 4*n = -3*q + 2, -q - a*n + 3 = 2*q. Suppose 15 = -q*x + 5. Let h(j) = j**2 + 5*j. Give h(x).
0
Let n(u) = 8*u**2 + 6*u - 13. Let d(z) = -10*z**2 - 7*z + 12. Let s(m) = 3*d(m) + 4*n(m). Give s(3).
11
Let r(w) = w**2 + 17*w + 4*w**2 - 17 + 6*w**2. Let n(g) = 2*g**2 + 3*g - 3. Let u(t) = 34*n(t) - 6*r(t). Determine u(2).
8
Let i(o) = 4*o**3 + 2*o**2 - 7*o + 4. Let j(y) = 5*y**3 + y**2 - 7*y + 5. Let n(h) = -4*i(h) + 3*j(h). Let w(r) = r**2 - 15*r - 6. Let a be w(15). What is n(a)?
-7
Let y = 218 + -221. Let m(p) = 4*p - 3. What is m(y)?
-15
Suppose 3*n = -n - 12. Let o(j) = -3 - 33775*j + 33776*j - 1. Give o(n).
-7
Let o(u) = 4*u**3 + u**2 + 4*u - 2. Let w(l) = 6*l**3 + 2*l**2 + 7*l - 3. Let p(d) = -5*o(d) + 3*w(d). What is p(-1)?
3
Suppose -20*i = -15*i + 45. Let m = 23 + i. Let o = 13 - m. Let k(w) = -3*w + 1. Determine k(o).
4
Let u = 145 - 147. Let o(x) = x**2 + 3*x + 3. Let j(w) = -w**2 - 3*w - 3. Let f(v) = -4*j(v) - 3*o(v). Calculate f(u).
1
Suppose -5 - 4 = -3*u, -3*s + 12 = 2*u. Let x(n) = -3*n**2 + 3*n + 2 + s*n**2 - 7*n + n. Give x(3).
-16
Let c(k) = -3*k**2 - 13*k - 12. Let q be c(-4). Let f(b) = -b**3 - 9*b**2 - 8*b - 4. What is f(q)?
-4
Let o = 25 - 15. Let n = o + -5. Let c(p) = p**2 - 1. Let r(d) = -2*d**2 + 5*d - 4. Let v(t) = c(t) + r(t). Calculate v(n).
-5
Let v(r) be the third derivative of -r**6/360 + r**5/30 - r**4/12 + r**3/2 + 12*r**2. Let w(t) be the first derivative of v(t). Give w(2).
2
Let m(n) = n**2 - 18*n - 16. Let u be m(19). Let o(w) = -4*w - 2. Let a(t) = 5*t + 2. Let x(p) = u*a(p) + 4*o(p). Give x(-2).
0
Let o(b) = -b**2 + 5*b - 1. Let k = 2052 + -2047. Give o(k).
-1
Suppose 0*t - 26 = -13*t. Let r(j) = -4*j**t + 4 - 6*j - j + 3*j - j**3 + j. Suppose 0 = -5*l + 5*x - 35, -2*x + 5*x - 12 = 0. Give r(l).
4
Suppose -4*p - 2 = -5*t - 8, -8 = -p - 2*t. Suppose -4 - p = -4*b. Let w(h) = -8 - 4 + 6 - h**b. Give w(0).
-6
Let u(s) = -4*s + 6. Let v = -68 + 78. Suppose -2*y - v = 4*t - 2, 0 = y - t - 8. Calculate u(y).
-10
Let y be (-7 - -9)/(8/52). Let z(d) = -3*d + 28. What is z(y)?
-11
Let l(y) be the third derivative of -y**5/60 + 5*y**4/6 + 5*y**3 - 515*y**2. What is l(21)?
9
Let y(n) be the third derivative of n**5/60 - 3*n**4/8 + 5*n**3/3 - n**2. Suppose 0 = 103*z - 72*z - 217. Determine y(z).
-4
Let r = 58 + -53. Let i(m) = m**2 - m - 7. Give i(r).
13
Let m(p) = 7*p + 6. Let l(q) = -q. Let j(h) = -24*l(h) - 3*m(h). Give j(7).
3
Let l(a) = 30*a + 1. Let k = -637 + 639. What is l(k)?
61
Let l = 65/708 + -1/118. Let n(q) be the second derivative of 0 - 1/2*q**2 + 5*q - l*q**4 - 1/6*q**3 - 7/20*q**5. What is n(-1)?
6
Let o(q) = 3*q**2 - 26*q - 12. Let j(z) = 6 - 3 + 9*z - z**2 - 1 + 2. Let u(l) = 17*j(l) + 6*o(l). Calculate u(6).
14
Let o(r) = -r**2 - 12*r + 14. Let m be o(-12). Suppose 2*j + 2 = m. Let g(x) = 7*x**2 - 3 - 3*x**3 + 2*x**3 - 2 + 3 - 5*x. What is g(j)?
4
Let j = -1603 + 1586. Let y(o) = -o**3 - 17*o**2 - 15. Determine y(j).
-15
Let j = 2072 + -2075. Let k(b) be the third derivative of -b**6/120 - b**5/20 + b**4/12 - b**3/3 + b**2. What is k(j)?
-8
Let v(s) be the second derivative of -1/12*s**4 - 5/6*s**3 + s - 4*s**2 + 0. Let u(n) be the first derivative of v(n). Calculate u(4).
-13
Let g(f) = -f**2 - 3*f. Let n(l) = -3*l**2 - 10*l + 1. Let h(s) = 7*g(s) - 2*n(s). What is h(-3)?
-8
Let o(x) be the third derivative of -x**6/120 - 13*x**5/60 - 11*x**4/24 + 5*x**3/6 - 283*x**2. Determine o(-12).
-7
Suppose 4*s = -5*q + 18, 3*s = 2*q + 12 + 13. Let y(x) = x**2 + 6*x - 19. Let l(c) = 3*c**2 + 12*c - 44. Let o(t) = -2*l(t) + 5*y(t). Calculate o(s).
-14
Let h = -15 + 15. Let f be h*-3*1/(-6). Let u(p) = -p + 10. What is u(f)?
10
Let d be 4/(-10)*50/(-5). Let k(i) = -12*i - 8. Let a(o) = -3*o - 3. Let v(n) = -n - 1. Let j(p) = 2*a(p) - 5*v(p). Let c(z) = -10*j(z) + k(z). Calculate c(d).
-6
Let y(o) = -3*o**3 + 9*o**2 - 14*o + 10. Let t(z) = 2*z**3 - 8*z**2 + 12*z - 10. Let q(s) = -4*t(s) - 3*y(s). Give q(-6).
10
Suppose -8*x + 7 = -5*b, 4*x + 4 = -4*b + 8*b. Let r(w) = w**3 - 5*w**2 - 6*w - 4. Determine r(b).
-34
Let q(j) be the second derivative of j**3/6 + 13*j**2 + j - 2. What is q(-20)?
6
Let s(u) = -u**2 + u + 9. Let p(l) = -2*l**2 + 5*l + 2. Let t be p(2). Give s(t).
-3
Let l(s) be the second derivat